8790?
2, 5, 7, 31, 1787087
What are the prime factors of 382963564?
2, 683, 140177
List the prime factors of 98882750.
2, 5, 23, 29, 593
List the prime factors of 1731628156.
2, 19, 191, 119291
List the prime factors of 102881467.
13, 17, 31, 15017
List the prime factors of 58106686.
2, 11, 73, 97, 373
What are the prime factors of 336944537?
19, 17733923
What are the prime factors of 134841200?
2, 5, 13, 25931
What are the prime factors of 2885858?
2, 229, 6301
List the prime factors of 37030061.
2719, 13619
What are the prime factors of 1874209299?
3, 113, 5528641
What are the prime factors of 4915468204?
2, 37, 269, 311, 397
What are the prime factors of 3118936648?
2, 89, 389, 11261
List the prime factors of 6898988296.
2, 862373537
What are the prime factors of 2315365009?
2315365009
What are the prime factors of 1322183852?
2, 11, 31, 969343
List the prime factors of 5099073013.
457, 11157709
List the prime factors of 335914360.
2, 5, 8397859
What are the prime factors of 9924889?
13, 17, 44909
What are the prime factors of 701851?
47, 109, 137
What are the prime factors of 220723836?
2, 3, 19, 971, 997
What are the prime factors of 84607838?
2, 7, 6043417
List the prime factors of 26813873.
157, 233, 733
What are the prime factors of 577126932?
2, 3, 48093911
What are the prime factors of 287706662?
2, 293, 490967
What are the prime factors of 59634802?
2, 239, 124759
List the prime factors of 1992195326.
2, 11, 643, 140831
List the prime factors of 30593707.
30593707
What are the prime factors of 154836412?
2, 38709103
What are the prime factors of 774325522?
2, 387162761
List the prime factors of 93551067.
3, 827, 12569
List the prime factors of 1152414172.
2, 7, 13, 23, 179, 769
What are the prime factors of 45554939?
101, 451039
What are the prime factors of 6509500790?
2, 5, 13, 50073083
What are the prime factors of 691056934?
2, 149, 401, 5783
What are the prime factors of 1023215162?
2, 511607581
What are the prime factors of 173648939?
6361, 27299
List the prime factors of 441448898.
2, 11, 1824169
What are the prime factors of 3403207158?
2, 3, 13, 43630861
List the prime factors of 122416798.
2, 7, 1249151
List the prime factors of 92428464.
2, 3, 19, 101347
List the prime factors of 40233249.
3, 7, 101, 6323
List the prime factors of 147218151.
3, 73, 672229
What are the prime factors of 371295237?
3, 123765079
What are the prime factors of 135129261?
3, 45043087
List the prime factors of 39441375.
3, 5, 35059
What are the prime factors of 8992139?
13, 31, 53, 421
What are the prime factors of 2164077245?
5, 11, 23, 523, 3271
What are the prime factors of 6076899368?
2, 23, 33026627
List the prime factors of 123678043.
17, 163, 44633
List the prime factors of 527298713.
23, 22926031
List the prime factors of 51595860.
2, 3, 5, 181, 4751
List the prime factors of 146326321.
146326321
List the prime factors of 44785700.
2, 5, 31, 14447
List the prime factors of 111101648.
2, 7, 991979
List the prime factors of 827595132.
2, 3, 7, 13, 37, 20483
What are the prime factors of 6046440?
2, 3, 5, 50387
What are the prime factors of 1037071100?
2, 5, 13, 797747
List the prime factors of 1259094387.
3, 139, 3019411
List the prime factors of 516431933.
17, 30378349
What are the prime factors of 89771846?
2, 19, 31, 76207
List the prime factors of 246170.
2, 5, 103, 239
What are the prime factors of 7181253145?
5, 11, 59, 389, 5689
What are the prime factors of 270562326?
2, 3, 45093721
What are the prime factors of 29179734?
2, 3, 97, 181, 277
What are the prime factors of 273857134?
2, 79, 1733273
What are the prime factors of 45778550?
2, 5, 41, 137, 163
List the prime factors of 131578840.
2, 5, 41, 80231
What are the prime factors of 1239402189?
3, 193, 2140591
List the prime factors of 1027914184.
2, 11, 3251, 3593
What are the prime factors of 1162992664?
2, 4219, 34457
List the prime factors of 43560605.
5, 11, 89, 809
List the prime factors of 91247475.
3, 5, 11, 110603
List the prime factors of 97965729.
3, 19, 71, 8069
What are the prime factors of 37564376?
2, 4695547
What are the prime factors of 1099243164?
2, 3, 91603597
List the prime factors of 882923839.
7, 23, 5483999
What are the prime factors of 49190323?
7, 13, 43, 967
List the prime factors of 187122137.
8707, 21491
What are the prime factors of 782542022?
2, 391271011
List the prime factors of 578587610.
2, 5, 57858761
List the prime factors of 4077362399.
11, 17, 19, 1147583
What are the prime factors of 413144479?
11, 37, 1015097
List the prime factors of 59208051.
3, 7, 79, 89, 401
List the prime factors of 503389961.
67, 7513283
List the prime factors of 18538931.
97, 191123
What are the prime factors of 188233230?
2, 3, 5, 773, 8117
List the prime factors of 730404.
2, 3, 6763
List the prime factors of 726816447.
3, 7, 239, 48271
List the prime factors of 1655103501.
3, 183900389
List the prime factors of 2389825880.
2, 5, 13, 487, 9437
List the prime factors of 44810868.
2, 3, 41, 91079
What are the prime factors of 28381465?
5, 7, 461, 1759
List the prime factors of 152102210.
2, 5, 13, 41, 28537
List the prime factors of 3697614829.
79, 787, 59473
What are the prime factors of 129259238?
2, 5437, 11887
What are the prime factors of 152388732?
2, 3, 43, 227, 1301
List the prime factors of 349939169.
17, 19, 307, 3529
What are the prime factors of 893741757?
3, 12923, 23053
What are the prime factors of 37753490?
2, 5, 53, 71233
List the prime factors of 24467025.
3, 5, 11, 47, 631
What are the prime factors of 69718508?
2, 37, 139, 3389
List the prime factors of 111883314.
2, 3, 1663, 11213
List the prime factors of 32317439.
7, 11, 53, 7919
List the prime factors of 935424918.
2, 3, 51968051
What are the prime factors of 139334382?
2, 3, 11, 703709
List the prime factors of 23503800.
2, 3, 5, 43, 911
What are the prime factors of 562626367?
562626367
What are the prime factors of 276206676?
2, 3, 23017223
What are the prime factors of 4048278083?
829, 4883327
List the prime factors of 1708746010.
2, 5, 3313, 51577
List the prime factors of 54610657.
2909, 18773
List the prime factors of 14441719.
14441719
What are the prime factors of 343163603?
343163603
List the prime factors of 312496319.
181, 467, 3697
List the prime factors of 46250240.
2, 5, 23, 1571
List the prime factors of 1474026711.
3, 41, 11983957
List the prime factors of 595167006.
2, 3, 7, 373, 37991
What are the prime factors of 2511277921?
41, 239, 256279
List the prime factors of 3987765432.
2, 3, 7, 125591
List the prime factors of 581197493.
313, 1856861
List the prime factors of 2760105386.
2, 23, 60002291
List the prime factors of 19283723.
19283723
What are the prime factors of 20027639?
41, 661, 739
What are the prime factors of 138605491?
47, 167, 17659
List the prime factors of 16200357.
3, 29, 186211
List the prime factors of 1140870362.
2, 1019, 559799
What are the prime factors of 3359919622?
2, 521, 3224491
List the prime factors of 1810041734.
2, 349, 2593183
List the prime factors of 123369167.
123369167
List the prime factors of 23330393.
953, 24481
What are the prime factors of 4309964825?
5, 23, 7495591
List the prime factors of 1058015970.
2, 3, 5, 11, 1068703
What are the prime factors of 17981414?
2, 11, 817337
List the prime factors of 56318312.
2, 7039789
What are the prime factors of 63978563?
11, 5816233
List the prime factors of 1929034601.
13, 148387277
List the prime factors of 3646746567.
3, 53, 7645171
List the prime factors of 979160808.
2, 3, 373, 109379
List the prime factors of 1169405589.
3, 11, 3221503
List the prime factors of 137960051.
137960051
What are the prime factors of 121257672?
2, 3, 67, 73, 1033
List the prime factors of 52582009.
911, 57719
What are the prime factors of 38602223?
11, 17, 31, 6659
List the prime factors of 812461369.
241, 3371209
List the prime factors of 1366906809.
3, 455635603
List the prime factors of 76167285.
3, 5, 5077819
List the prime factors of 150699064.
2, 18837383
What are the prime factors of 69663947?
103, 676349
List the prime factors of 244454003.
31, 47, 167779
List the prime factors of 559511757.
3, 7, 479, 18541
What are the prime factors of 1987213181?
17, 31, 1087, 3469
List the prime factors of 13